{"id":5672,"date":"2025-11-21T10:11:55","date_gmt":"2025-11-21T09:11:55","guid":{"rendered":"https:\/\/hotelcaravelmisano.it\/?page_id=5672"},"modified":"2025-11-21T10:11:55","modified_gmt":"2025-11-21T09:11:55","slug":"spartan-race-misano","status":"publish","type":"page","link":"https:\/\/hotelcaravelmisano.it\/fr\/evenements\/spartan-race-misano\/","title":{"rendered":"Spartan Race Misano 2026 \u2013 Force, Obstacles et Adr\u00e9naline sur la C\u00f4te Adriatique"},"content":{"rendered":"<p><!-- FOTO IN ALTO, CENTRATA E PICCOLA -->  <\/p>\n<div style=\"text-align: center;margin-bottom: 40px\">\n  <img decoding=\"async\" class=\"aligncenter\" style=\"width: 65%;max-width: 400px;height: auto;border-radius: 8px\" src=\"https:\/\/hotelcaravelmisano.it\/wp-content\/uploads\/2025\/11\/evento-spartan-race-2026-hotel-caravel-bb-misano.jpg\" alt=\"Spartan Race Misano 2026 - Course d\u2019obstacles Riviera Romagnola\" \/>\n<\/div>\n<p><!-- TESTO PRINCIPALE --><\/p>\n<p style=\"font-size: 20px;line-height: 1.8;margin-bottom: 20px\">\n  Les <strong>19 et 20 septembre 2026<\/strong>, la <strong>Spartan Race<\/strong> revient \u00e0 Misano Adriatico, l\u2019un des \u00e9v\u00e9nements sportifs les plus attendus de l\u2019ann\u00e9e. Un d\u00e9fi \u00e9pique entre boue, obstacles, force physique et d\u00e9termination, attirant athl\u00e8tes, passionn\u00e9s et \u00e9quipes de toute l\u2019Europe.\n<\/p>\n<p style=\"font-size: 20px;line-height: 1.8;margin-bottom: 40px\">\n  Des courses Sprint aux \u00e9preuves Super et Beast, jusqu\u2019\u00e0 la Kid\u2019s Race d\u00e9di\u00e9e aux plus jeunes, la <strong>Spartan Misano<\/strong> transforme la Riviera Romagnola en un vaste terrain de comp\u00e9tition, entre mer, pin\u00e8des et paysages naturels. Un week-end d\u2019adr\u00e9naline, de performance, mais aussi de divertissement et d\u2019esprit d\u2019\u00e9quipe.\n<\/p>\n<p><!-- PERCH\u00c9 SCEGLIERE IL CARAVEL --><\/p>\n<h2 style=\"color: #1394ad;font-size: 26px;margin: 28px 0 15px 0\">\n  <strong>Pourquoi choisir l\u2019H\u00f4tel Caravel B&amp;B pour la Spartan Race 2026 :<\/strong><br \/>\n<\/h2>\n<ul style=\"padding-left: 20px\">\n<li style=\"margin-bottom: 12px\">\n    <span style=\"font-size: 16pt\"><strong>Parking gratuit<\/strong>, pratique et proche de l\u2019h\u00f4tel ;<\/span>\n  <\/li>\n<li style=\"margin-bottom: 12px\">\n    <span style=\"font-size: 16pt\"><strong>Piscine priv\u00e9e et espace d\u00e9tente<\/strong>, id\u00e9al pour r\u00e9cup\u00e9rer apr\u00e8s la course ;<\/span>\n  <\/li>\n<li style=\"margin-bottom: 12px\">\n    <span style=\"font-size: 16pt\"><strong>Petit-d\u00e9jeuner Bien-\u00catre<\/strong> parfait pour les athl\u00e8tes : g\u00e2teaux faits maison, fruits, sal\u00e9 et options prot\u00e9in\u00e9es ;<\/span>\n  <\/li>\n<li style=\"margin-bottom: 12px\">\n    <span style=\"font-size: 16pt\"><strong>Chambres modernes et confortables<\/strong> avec matelas neufs (m\u00e9moire de forme + ressorts), topper, douche, climatisation et nombreux services ;<\/span>\n  <\/li>\n<li style=\"margin-bottom: 12px\">\n    <span style=\"font-size: 16pt\"><strong>Restaurants partenaires<\/strong> avec r\u00e9ductions exclusives, parfaits apr\u00e8s la course ;<\/span>\n  <\/li>\n<li style=\"margin-bottom: 12px\">\n    <span style=\"font-size: 16pt\"><strong>Emplacement strat\u00e9gique<\/strong> : \u00e0 seulement 200 m de la ligne de d\u00e9part et du lieu de l\u2019\u00e9v\u00e9nement.<\/span>\n  <\/li>\n<\/ul>\n<p><\/p>\n<p><!-- BOX PROMOZIONALE VIOLA --><\/p>\n<div style=\"border: 3px solid #8f6ce8;padding: 20px;border-radius: 12px;margin: 50px auto;max-width: 850px;background: #f9f7ff\">\n<p style=\"font-size: 20px;line-height: 1.8;text-align: center;margin: 0\">\n    Vivez votre <strong>Spartan Race 2026<\/strong> dans un confort absolu: <strong>en r\u00e9servant directement sur notre site, vous b\u00e9n\u00e9ficiez de 10 % de r\u00e9duction<\/strong> et vous profitez d\u2019un s\u00e9jour id\u00e9al pour affronter la course dans les meilleures conditions.\n  <\/p>\n<\/div>\n<div style=\"height: 6px\"><\/div>\n<p><!-- CTA --><\/p>\n<div style=\"text-align: center;margin-top: 25px\">\n  <a style=\"background-color: #8a5fdd;color: #fff;padding: 14px 22px;border-radius: 30px;text-decoration: none;font-weight: bold;font-size: 15pt;max-width: 100%;text-align: center\" href=\"https:\/\/booking.bedzzle.com\/desktop\/?&amp;apikey=d7d190e286c64fdc5c9b9b3af5debc26&amp;lang=fr\" target=\"_blank\" rel=\"noopener noreferrer\">R\u00c9SERVER MAINTENANT<\/a>\n<\/div>\n<div style=\"height: 30px\"><\/div>\n","protected":false},"excerpt":{"rendered":"<p>Les 19 et 20 septembre 2026, la Spartan Race revient \u00e0 Misano Adriatico, l\u2019un des \u00e9v\u00e9nements sportifs les plus attendus de l\u2019ann\u00e9e. Un d\u00e9fi \u00e9pique entre boue, obstacles, force physique et d\u00e9termination, attirant athl\u00e8tes, passionn\u00e9s et \u00e9quipes de toute l\u2019Europe. Des courses Sprint aux \u00e9preuves Super et Beast, jusqu\u2019\u00e0 la Kid\u2019s Race d\u00e9di\u00e9e aux plus jeunes, la Spartan Misano transforme la Riviera Romagnola en un vaste terrain de comp\u00e9tition, entre &#8230;<\/p>\n","protected":false},"author":4,"featured_media":0,"parent":5650,"menu_order":2,"comment_status":"closed","ping_status":"closed","template":"","meta":{"_acf_changed":false},"class_list":["post-5672","page","type-page","status-publish","hentry"],"acf":[],"_links":{"self":[{"href":"https:\/\/hotelcaravelmisano.it\/fr\/wp-json\/wp\/v2\/pages\/5672","targetHints":{"allow":["GET"]}}],"collection":[{"href":"https:\/\/hotelcaravelmisano.it\/fr\/wp-json\/wp\/v2\/pages"}],"about":[{"href":"https:\/\/hotelcaravelmisano.it\/fr\/wp-json\/wp\/v2\/types\/page"}],"author":[{"embeddable":true,"href":"https:\/\/hotelcaravelmisano.it\/fr\/wp-json\/wp\/v2\/users\/4"}],"replies":[{"embeddable":true,"href":"https:\/\/hotelcaravelmisano.it\/fr\/wp-json\/wp\/v2\/comments?post=5672"}],"version-history":[{"count":0,"href":"https:\/\/hotelcaravelmisano.it\/fr\/wp-json\/wp\/v2\/pages\/5672\/revisions"}],"up":[{"embeddable":true,"href":"https:\/\/hotelcaravelmisano.it\/fr\/wp-json\/wp\/v2\/pages\/5650"}],"wp:attachment":[{"href":"https:\/\/hotelcaravelmisano.it\/fr\/wp-json\/wp\/v2\/media?parent=5672"}],"curies":[{"name":"wp","href":"https:\/\/api.w.org\/{rel}","templated":true}]}}

Spartan Race Misano 2026 – Force, Obstacles et Adrénaline sur la Côte Adriatique

<p><!-- FOTO IN ALTO, CENTRATA E PICCOLA -->  </p>
<div style="text-align: center;margin-bottom: 40px">
  <img decoding="async" class="aligncenter" style="width: 65%;max-width: 400px;height: auto;border-radius: 8px" src="https://hotelcaravelmisano.it/wp-content/uploads/2025/11/evento-spartan-race-2026-hotel-caravel-bb-misano.jpg" alt="Spartan Race Misano 2026 - Course d’obstacles Riviera Romagnola" />
</div>
<p><!-- TESTO PRINCIPALE --></p>
<p style="font-size: 20px;line-height: 1.8;margin-bottom: 20px">
  Les <strong>19 et 20 septembre 2026</strong>, la <strong>Spartan Race</strong> revient à Misano Adriatico, l’un des événements sportifs les plus attendus de l’année. Un défi épique entre boue, obstacles, force physique et détermination, attirant athlètes, passionnés et équipes de toute l’Europe.
</p>
<p style="font-size: 20px;line-height: 1.8;margin-bottom: 40px">
  Des courses Sprint aux épreuves Super et Beast, jusqu’à la Kid’s Race dédiée aux plus jeunes, la <strong>Spartan Misano</strong> transforme la Riviera Romagnola en un vaste terrain de compétition, entre mer, pinèdes et paysages naturels. Un week-end d’adrénaline, de performance, mais aussi de divertissement et d’esprit d’équipe.
</p>
<p><!-- PERCHÉ SCEGLIERE IL CARAVEL --></p>
<h2 style="color: #1394ad;font-size: 26px;margin: 28px 0 15px 0">
  <strong>Pourquoi choisir l’Hôtel Caravel B&amp;B pour la Spartan Race 2026 :</strong><br />
</h2>
<ul style="padding-left: 20px">
<li style="margin-bottom: 12px">
    <span style="font-size: 16pt"><strong>Parking gratuit</strong>, pratique et proche de l’hôtel ;</span>
  </li>
<li style="margin-bottom: 12px">
    <span style="font-size: 16pt"><strong>Piscine privée et espace détente</strong>, idéal pour récupérer après la course ;</span>
  </li>
<li style="margin-bottom: 12px">
    <span style="font-size: 16pt"><strong>Petit-déjeuner Bien-Être</strong> parfait pour les athlètes : gâteaux faits maison, fruits, salé et options protéinées ;</span>
  </li>
<li style="margin-bottom: 12px">
    <span style="font-size: 16pt"><strong>Chambres modernes et confortables</strong> avec matelas neufs (mémoire de forme + ressorts), topper, douche, climatisation et nombreux services ;</span>
  </li>
<li style="margin-bottom: 12px">
    <span style="font-size: 16pt"><strong>Restaurants partenaires</strong> avec réductions exclusives, parfaits après la course ;</span>
  </li>
<li style="margin-bottom: 12px">
    <span style="font-size: 16pt"><strong>Emplacement stratégique</strong> : à seulement 200 m de la ligne de départ et du lieu de l’événement.</span>
  </li>
</ul>
<p></p>
<p><!-- BOX PROMOZIONALE VIOLA --></p>
<div style="border: 3px solid #8f6ce8;padding: 20px;border-radius: 12px;margin: 50px auto;max-width: 850px;background: #f9f7ff">
<p style="font-size: 20px;line-height: 1.8;text-align: center;margin: 0">
    Vivez votre <strong>Spartan Race 2026</strong> dans un confort absolu: <strong>en réservant directement sur notre site, vous bénéficiez de 10 % de réduction</strong> et vous profitez d’un séjour idéal pour affronter la course dans les meilleures conditions.
  </p>
</div>
<div style="height: 6px"></div>
<p><!-- CTA --></p>
<div style="text-align: center;margin-top: 25px">
  <a style="background-color: #8a5fdd;color: #fff;padding: 14px 22px;border-radius: 30px;text-decoration: none;font-weight: bold;font-size: 15pt;max-width: 100%;text-align: center" href="https://booking.bedzzle.com/desktop/?&amp;apikey=d7d190e286c64fdc5c9b9b3af5debc26&amp;lang=fr" target="_blank" rel="noopener noreferrer">RÉSERVER MAINTENANT</a>
</div>
<div style="height: 30px"></div>

<p>Les 19 et 20 septembre 2026, la Spartan Race revient à Misano Adriatico, l’un des événements sportifs les plus attendus de l’année. Un défi épique entre boue, obstacles, force physique et détermination, attirant athlètes, passionnés et équipes de toute l’Europe. Des courses Sprint aux épreuves Super et Beast, jusqu’à la Kid’s Race dédiée aux plus jeunes, la Spartan Misano transforme la Riviera Romagnola en un vaste terrain de compétition, entre &#8230;</p>
